{"version":"1.0","provider_name":"PLACE for STRAYS Albufeira","provider_url":"https:\/\/www.placeforstrays.de\/en\/","author_name":"Laureen Woddow","author_url":"https:\/\/www.placeforstrays.de\/en\/author\/laureen\/","title":"Cookie - PLACE for STRAYS Albufeira","type":"rich","width":600,"height":338,"html":"<blockquote class=\"wp-embedded-content\" data-secret=\"zcfG0xG9Dz\"><a href=\"https:\/\/www.placeforstrays.de\/en\/our-proteges\/cookie-2\/\">Cookie<\/a><\/blockquote><iframe sandbox=\"allow-scripts\" security=\"restricted\" src=\"https:\/\/www.placeforstrays.de\/en\/our-proteges\/cookie-2\/embed\/#?secret=zcfG0xG9Dz\" width=\"600\" height=\"338\" title=\"&#8220;Cookie&#8221; &#8212; PLACE for STRAYS Albufeira\" data-secret=\"zcfG0xG9Dz\" frameborder=\"0\" marginwidth=\"0\" marginheight=\"0\" scrolling=\"no\" class=\"wp-embedded-content\"><\/iframe><script type=\"text\/javascript\">\n\/*! This file is auto-generated *\/\n!function(d,l){\"use strict\";var e=!1,o=!1;if(l.querySelector)if(d.addEventListener)e=!0;if(d.wp=d.wp||{},!d.wp.receiveEmbedMessage)if(d.wp.receiveEmbedMessage=function(e){var t=e.data;if(t)if(t.secret||t.message||t.value)if(!\/[^a-zA-Z0-9]\/.test(t.secret)){for(var r,a,i,s=l.querySelectorAll('iframe[data-secret=\"'+t.secret+'\"]'),n=l.querySelectorAll('blockquote[data-secret=\"'+t.secret+'\"]'),o=new RegExp(\"^https?:$\",\"i\"),c=0;c<n.length;c++)n[c].style.display=\"none\";for(c=0;c<s.length;c++)if(r=s[c],e.source===r.contentWindow){if(r.removeAttribute(\"style\"),\"height\"===t.message){if(1e3<(i=parseInt(t.value,10)))i=1e3;else if(~~i<200)i=200;r.height=i}if(\"link\"===t.message)if(a=l.createElement(\"a\"),i=l.createElement(\"a\"),a.href=r.getAttribute(\"src\"),i.href=t.value,o.test(i.protocol))if(i.host===a.host)if(l.activeElement===r)d.top.location.href=t.value}}},e)d.addEventListener(\"message\",d.wp.receiveEmbedMessage,!1),l.addEventListener(\"DOMContentLoaded\",t,!1),d.addEventListener(\"load\",t,!1);function t(){if(!o){o=!0;for(var e,t,r,a=-1!==navigator.appVersion.indexOf(\"MSIE 10\"),i=!!navigator.userAgent.match(\/Trident.*rv:11\\.\/),s=l.querySelectorAll(\"iframe.wp-embedded-content\"),n=0;n<s.length;n++){if(!(r=(t=s[n]).getAttribute(\"data-secret\")))r=Math.random().toString(36).substr(2,10),t.src+=\"#?secret=\"+r,t.setAttribute(\"data-secret\",r);if(a||i)(e=t.cloneNode(!0)).removeAttribute(\"security\"),t.parentNode.replaceChild(e,t);t.contentWindow.postMessage({message:\"ready\",secret:r},\"*\")}}}}(window,document);\n<\/script>\n","thumbnail_url":"https:\/\/www.placeforstrays.de\/wp-content\/uploads\/2025\/06\/bb5c4e9b-cc66-4602-a5b0-42f1f26c5176-1-e1753428779116.jpg","thumbnail_width":523,"thumbnail_height":543,"description":"Acht neue, gerade einmal zwei Monate alte Welpen fanden in unserem Shelter Zuflucht. Sie stammen aus einem Lager in der N\u00e4he von Faro, einem Ort, an dem das Leben f\u00fcr Hunde alles andere als einfach ist. F\u00fcnf der Welpen konnten zun\u00e4chst von einer engagierten Tiersch\u00fctzerin gerettet werden, die sich unerm\u00fcdlich f\u00fcr verletzte, verwahrloste und schwache Hunde in der Region einsetzt. Leider durften wir die Mutter der Kleinen nicht mitnehmen \u2013 ihre Besitzer wollten sie nicht hergeben. Immerhin: Sie haben einer Kastration zugestimmt, um k\u00fcnftiges Leid durch ungewollten Nachwuchs zu verhindern."}

Acht neue, gerade einmal zwei Monate alte Welpen fanden in unserem Shelter Zuflucht. Sie stammen aus einem Lager in der Nähe von Faro, einem Ort, an dem das Leben für Hunde alles andere als einfach ist. Fünf der Welpen konnten zunächst von einer engagierten Tierschützerin gerettet werden, die sich unermüdlich für verletzte, verwahrloste und schwache Hunde in der Region einsetzt. Leider durften wir die Mutter der Kleinen nicht mitnehmen – ihre Besitzer wollten sie nicht hergeben. Immerhin: Sie haben einer Kastration zugestimmt, um künftiges Leid durch ungewollten Nachwuchs zu verhindern.
