{"id":52735,"date":"2026-04-21T19:46:09","date_gmt":"2026-04-21T17:46:09","guid":{"rendered":"https:\/\/www.placeforstrays.de\/?post_type=project&#038;p=52735"},"modified":"2026-04-21T19:46:09","modified_gmt":"2026-04-21T17:46:09","slug":"goethe","status":"publish","type":"project","link":"https:\/\/www.placeforstrays.de\/en\/our-proteges\/goethe\/","title":{"rendered":"Goethe"},"content":{"rendered":"<style type=\"text\/css\"><\/style><h3>Geschichte<\/h3>\n<p data-start=\"154\" data-end=\"612\"><strong>Goethe\u00a0<\/strong>kam gemeinsam mit seinen beiden Br\u00fcdern aus dem staatlichen Tierheim zu uns. Er ist von all den neuen Eindr\u00fccken verst\u00e4ndlicherweise noch ein wenig \u00fcberfordert. Der Umzug war f\u00fcr ihn sehr aufregend, und Menschen begegnet er aktuell noch mit Vorsicht.<\/p>\n<h3>Charakter<\/h3>\n<p><strong>Goethe <\/strong>ist gerade erst bei uns eingezogen. Wir werden euch hier weiterhin auf dem Laufenden halten.<\/p>\n<p>F\u00fcr mehr Informationen wendet Euch bitte an das <a href=\"https:\/\/www.placeforstrays.de\/adoption-info\/\">Vermittlungsteam<\/a>.<\/p>\n","protected":false},"excerpt":{"rendered":"<p>Geschichte Goethe\u00a0kam gemeinsam mit seinen beiden Br\u00fcdern aus dem staatlichen Tierheim zu uns. Er ist von all den neuen Eindr\u00fccken verst\u00e4ndlicherweise noch ein wenig \u00fcberfordert. Der Umzug war f\u00fcr ihn sehr aufregend, und Menschen begegnet er aktuell noch mit Vorsicht. Charakter Goethe ist gerade erst bei uns eingezogen. Wir werden euch hier weiterhin auf dem&#8230;<\/p>\n","protected":false},"author":28,"featured_media":52738,"menu_order":0,"comment_status":"closed","ping_status":"closed","template":"","format":"standard","meta":[],"pj-categs":[14,17,15],"pj-tags":[],"yoast_head":"<!-- This site is optimized with the Yoast SEO plugin v19.13 - https:\/\/yoast.com\/wordpress\/plugins\/seo\/ -->\n<title>Goethe sucht ein liebevolles Zuhause - PLACE for STRAYS Albufeira<\/title>\n<meta name=\"robots\" content=\"index, follow, max-snippet:-1, max-image-preview:large, max-video-preview:-1\" \/>\n<link rel=\"canonical\" href=\"https:\/\/www.placeforstrays.de\/en\/our-proteges\/goethe\/\" \/>\n<meta property=\"og:locale\" content=\"en_US\" \/>\n<meta property=\"og:type\" content=\"article\" \/>\n<meta property=\"og:title\" content=\"Goethe sucht ein liebevolles Zuhause - PLACE for STRAYS Albufeira\" \/>\n<meta property=\"og:description\" content=\"Geschichte Goethe\u00a0kam gemeinsam mit seinen beiden Br\u00fcdern aus dem staatlichen Tierheim zu uns. Er ist von all den neuen Eindr\u00fccken verst\u00e4ndlicherweise noch ein wenig \u00fcberfordert. Der Umzug war f\u00fcr ihn sehr aufregend, und Menschen begegnet er aktuell noch mit Vorsicht. Charakter Goethe ist gerade erst bei uns eingezogen. Wir werden euch hier weiterhin auf dem...\" \/>\n<meta property=\"og:url\" content=\"https:\/\/www.placeforstrays.de\/en\/our-proteges\/goethe\/\" \/>\n<meta property=\"og:site_name\" content=\"PLACE for STRAYS Albufeira\" \/>\n<meta property=\"article:publisher\" content=\"https:\/\/www.facebook.com\/groups\/1963615917246890\/\" \/>\n<meta property=\"og:image\" content=\"https:\/\/www.placeforstrays.de\/wp-content\/uploads\/2026\/04\/61ea0fe8-1b10-418a-a05e-2b2af19d5c8a.jpeg\" \/>\n\t<meta property=\"og:image:width\" content=\"1920\" \/>\n\t<meta property=\"og:image:height\" content=\"1080\" \/>\n\t<meta property=\"og:image:type\" content=\"image\/jpeg\" \/>\n<meta name=\"twitter:card\" content=\"summary_large_image\" \/>\n<meta name=\"twitter:label1\" content=\"Est. reading time\" \/>\n\t<meta name=\"twitter:data1\" content=\"1 minute\" \/>\n<script type=\"application\/ld+json\" class=\"yoast-schema-graph\">{\"@context\":\"https:\/\/schema.org\",\"@graph\":[{\"@type\":\"WebPage\",\"@id\":\"https:\/\/www.placeforstrays.de\/en\/our-proteges\/goethe\/\",\"url\":\"https:\/\/www.placeforstrays.de\/en\/our-proteges\/goethe\/\",\"name\":\"Goethe sucht ein liebevolles Zuhause - PLACE for STRAYS Albufeira\",\"isPartOf\":{\"@id\":\"https:\/\/www.placeforstrays.de\/en\/#website\"},\"datePublished\":\"2026-04-21T17:46:09+00:00\",\"dateModified\":\"2026-04-21T17:46:09+00:00\",\"breadcrumb\":{\"@id\":\"https:\/\/www.placeforstrays.de\/en\/our-proteges\/goethe\/#breadcrumb\"},\"inLanguage\":\"en-US\",\"potentialAction\":[{\"@type\":\"ReadAction\",\"target\":[\"https:\/\/www.placeforstrays.de\/en\/our-proteges\/goethe\/\"]}]},{\"@type\":\"BreadcrumbList\",\"@id\":\"https:\/\/www.placeforstrays.de\/en\/our-proteges\/goethe\/#breadcrumb\",\"itemListElement\":[{\"@type\":\"ListItem\",\"position\":1,\"name\":\"Startseite\",\"item\":\"https:\/\/www.placeforstrays.de\/en\/\"},{\"@type\":\"ListItem\",\"position\":2,\"name\":\"Projects\",\"item\":\"https:\/\/www.placeforstrays.de\/en\/our-proteges\/\"},{\"@type\":\"ListItem\",\"position\":3,\"name\":\"Goethe\"}]},{\"@type\":\"WebSite\",\"@id\":\"https:\/\/www.placeforstrays.de\/en\/#website\",\"url\":\"https:\/\/www.placeforstrays.de\/en\/\",\"name\":\"PLACE for STRAYS Albufeira\",\"description\":\"Tierschutz\",\"publisher\":{\"@id\":\"https:\/\/www.placeforstrays.de\/en\/#organization\"},\"potentialAction\":[{\"@type\":\"SearchAction\",\"target\":{\"@type\":\"EntryPoint\",\"urlTemplate\":\"https:\/\/www.placeforstrays.de\/en\/?s={search_term_string}\"},\"query-input\":\"required name=search_term_string\"}],\"inLanguage\":\"en-US\"},{\"@type\":\"Organization\",\"@id\":\"https:\/\/www.placeforstrays.de\/en\/#organization\",\"name\":\"PLACE for STRAYS\",\"url\":\"https:\/\/www.placeforstrays.de\/en\/\",\"logo\":{\"@type\":\"ImageObject\",\"inLanguage\":\"en-US\",\"@id\":\"https:\/\/www.placeforstrays.de\/en\/#\/schema\/logo\/image\/\",\"url\":\"https:\/\/www.placeforstrays.de\/wp-content\/uploads\/2019\/07\/Logo-mit-Hintergrund-Kopie.jpg\",\"contentUrl\":\"https:\/\/www.placeforstrays.de\/wp-content\/uploads\/2019\/07\/Logo-mit-Hintergrund-Kopie.jpg\",\"width\":277,\"height\":291,\"caption\":\"PLACE for STRAYS\"},\"image\":{\"@id\":\"https:\/\/www.placeforstrays.de\/en\/#\/schema\/logo\/image\/\"},\"sameAs\":[\"https:\/\/www.instagram.com\/placeforstraysalbufeira\/\",\"https:\/\/www.facebook.com\/groups\/1963615917246890\/\"]}]}<\/script>\n<!-- \/ Yoast SEO plugin. -->","yoast_head_json":{"title":"Goethe sucht ein liebevolles Zuhause - PLACE for STRAYS Albufeira","robots":{"index":"index","follow":"follow","max-snippet":"max-snippet:-1","max-image-preview":"max-image-preview:large","max-video-preview":"max-video-preview:-1"},"canonical":"https:\/\/www.placeforstrays.de\/en\/our-proteges\/goethe\/","og_locale":"en_US","og_type":"article","og_title":"Goethe sucht ein liebevolles Zuhause - PLACE for STRAYS Albufeira","og_description":"Geschichte Goethe\u00a0kam gemeinsam mit seinen beiden Br\u00fcdern aus dem staatlichen Tierheim zu uns. Er ist von all den neuen Eindr\u00fccken verst\u00e4ndlicherweise noch ein wenig \u00fcberfordert. Der Umzug war f\u00fcr ihn sehr aufregend, und Menschen begegnet er aktuell noch mit Vorsicht. Charakter Goethe ist gerade erst bei uns eingezogen. Wir werden euch hier weiterhin auf dem...","og_url":"https:\/\/www.placeforstrays.de\/en\/our-proteges\/goethe\/","og_site_name":"PLACE for STRAYS Albufeira","article_publisher":"https:\/\/www.facebook.com\/groups\/1963615917246890\/","og_image":[{"width":1920,"height":1080,"url":"https:\/\/www.placeforstrays.de\/wp-content\/uploads\/2026\/04\/61ea0fe8-1b10-418a-a05e-2b2af19d5c8a.jpeg","type":"image\/jpeg"}],"twitter_card":"summary_large_image","twitter_misc":{"Est. reading time":"1 minute"},"schema":{"@context":"https:\/\/schema.org","@graph":[{"@type":"WebPage","@id":"https:\/\/www.placeforstrays.de\/en\/our-proteges\/goethe\/","url":"https:\/\/www.placeforstrays.de\/en\/our-proteges\/goethe\/","name":"Goethe sucht ein liebevolles Zuhause - PLACE for STRAYS Albufeira","isPartOf":{"@id":"https:\/\/www.placeforstrays.de\/en\/#website"},"datePublished":"2026-04-21T17:46:09+00:00","dateModified":"2026-04-21T17:46:09+00:00","breadcrumb":{"@id":"https:\/\/www.placeforstrays.de\/en\/our-proteges\/goethe\/#breadcrumb"},"inLanguage":"en-US","potentialAction":[{"@type":"ReadAction","target":["https:\/\/www.placeforstrays.de\/en\/our-proteges\/goethe\/"]}]},{"@type":"BreadcrumbList","@id":"https:\/\/www.placeforstrays.de\/en\/our-proteges\/goethe\/#breadcrumb","itemListElement":[{"@type":"ListItem","position":1,"name":"Startseite","item":"https:\/\/www.placeforstrays.de\/en\/"},{"@type":"ListItem","position":2,"name":"Projects","item":"https:\/\/www.placeforstrays.de\/en\/our-proteges\/"},{"@type":"ListItem","position":3,"name":"Goethe"}]},{"@type":"WebSite","@id":"https:\/\/www.placeforstrays.de\/en\/#website","url":"https:\/\/www.placeforstrays.de\/en\/","name":"PLACE for STRAYS Albufeira","description":"Tierschutz","publisher":{"@id":"https:\/\/www.placeforstrays.de\/en\/#organization"},"potentialAction":[{"@type":"SearchAction","target":{"@type":"EntryPoint","urlTemplate":"https:\/\/www.placeforstrays.de\/en\/?s={search_term_string}"},"query-input":"required name=search_term_string"}],"inLanguage":"en-US"},{"@type":"Organization","@id":"https:\/\/www.placeforstrays.de\/en\/#organization","name":"PLACE for STRAYS","url":"https:\/\/www.placeforstrays.de\/en\/","logo":{"@type":"ImageObject","inLanguage":"en-US","@id":"https:\/\/www.placeforstrays.de\/en\/#\/schema\/logo\/image\/","url":"https:\/\/www.placeforstrays.de\/wp-content\/uploads\/2019\/07\/Logo-mit-Hintergrund-Kopie.jpg","contentUrl":"https:\/\/www.placeforstrays.de\/wp-content\/uploads\/2019\/07\/Logo-mit-Hintergrund-Kopie.jpg","width":277,"height":291,"caption":"PLACE for STRAYS"},"image":{"@id":"https:\/\/www.placeforstrays.de\/en\/#\/schema\/logo\/image\/"},"sameAs":["https:\/\/www.instagram.com\/placeforstraysalbufeira\/","https:\/\/www.facebook.com\/groups\/1963615917246890\/"]}]}},"_links":{"self":[{"href":"https:\/\/www.placeforstrays.de\/en\/wp-json\/wp\/v2\/project\/52735"}],"collection":[{"href":"https:\/\/www.placeforstrays.de\/en\/wp-json\/wp\/v2\/project"}],"about":[{"href":"https:\/\/www.placeforstrays.de\/en\/wp-json\/wp\/v2\/types\/project"}],"author":[{"embeddable":true,"href":"https:\/\/www.placeforstrays.de\/en\/wp-json\/wp\/v2\/users\/28"}],"replies":[{"embeddable":true,"href":"https:\/\/www.placeforstrays.de\/en\/wp-json\/wp\/v2\/comments?post=52735"}],"version-history":[{"count":2,"href":"https:\/\/www.placeforstrays.de\/en\/wp-json\/wp\/v2\/project\/52735\/revisions"}],"predecessor-version":[{"id":52737,"href":"https:\/\/www.placeforstrays.de\/en\/wp-json\/wp\/v2\/project\/52735\/revisions\/52737"}],"wp:featuredmedia":[{"embeddable":true,"href":"https:\/\/www.placeforstrays.de\/en\/wp-json\/wp\/v2\/media\/52738"}],"wp:attachment":[{"href":"https:\/\/www.placeforstrays.de\/en\/wp-json\/wp\/v2\/media?parent=52735"}],"wp:term":[{"taxonomy":"pj-categs","embeddable":true,"href":"https:\/\/www.placeforstrays.de\/en\/wp-json\/wp\/v2\/pj-categs?post=52735"},{"taxonomy":"pj-tags","embeddable":true,"href":"https:\/\/www.placeforstrays.de\/en\/wp-json\/wp\/v2\/pj-tags?post=52735"}],"curies":[{"name":"wp","href":"https:\/\/api.w.org\/{rel}","templated":true}]}}

<style type="text/css"></style><h3>Geschichte</h3>
<p data-start="154" data-end="612"><strong>Goethe </strong>kam gemeinsam mit seinen beiden Brüdern aus dem staatlichen Tierheim zu uns. Er ist von all den neuen Eindrücken verständlicherweise noch ein wenig überfordert. Der Umzug war für ihn sehr aufregend, und Menschen begegnet er aktuell noch mit Vorsicht.</p>
<h3>Charakter</h3>
<p><strong>Goethe </strong>ist gerade erst bei uns eingezogen. Wir werden euch hier weiterhin auf dem Laufenden halten.</p>
<p>Für mehr Informationen wendet Euch bitte an das <a href="https://www.placeforstrays.de/adoption-info/">Vermittlungsteam</a>.</p>

<p>Geschichte Goethe kam gemeinsam mit seinen beiden Brüdern aus dem staatlichen Tierheim zu uns. Er ist von all den neuen Eindrücken verständlicherweise noch ein wenig überfordert. Der Umzug war für ihn sehr aufregend, und Menschen begegnet er aktuell noch mit Vorsicht. Charakter Goethe ist gerade erst bei uns eingezogen. Wir werden euch hier weiterhin auf dem&#8230;</p>

<!-- This site is optimized with the Yoast SEO plugin v19.13 - https://yoast.com/wordpress/plugins/seo/ -->
<title>Goethe sucht ein liebevolles Zuhause - PLACE for STRAYS Albufeira</title>
<meta name="robots" content="index, follow, max-snippet:-1, max-image-preview:large, max-video-preview:-1" />
<link rel="canonical" href="https://www.placeforstrays.de/en/our-proteges/goethe/" />
<meta property="og:locale" content="en_US" />
<meta property="og:type" content="article" />
<meta property="og:title" content="Goethe sucht ein liebevolles Zuhause - PLACE for STRAYS Albufeira" />
<meta property="og:description" content="Geschichte Goethe kam gemeinsam mit seinen beiden Brüdern aus dem staatlichen Tierheim zu uns. Er ist von all den neuen Eindrücken verständlicherweise noch ein wenig überfordert. Der Umzug war für ihn sehr aufregend, und Menschen begegnet er aktuell noch mit Vorsicht. Charakter Goethe ist gerade erst bei uns eingezogen. Wir werden euch hier weiterhin auf dem..." />
<meta property="og:url" content="https://www.placeforstrays.de/en/our-proteges/goethe/" />
<meta property="og:site_name" content="PLACE for STRAYS Albufeira" />
<meta property="article:publisher" content="https://www.facebook.com/groups/1963615917246890/" />
<meta property="og:image" content="https://www.placeforstrays.de/wp-content/uploads/2026/04/61ea0fe8-1b10-418a-a05e-2b2af19d5c8a.jpeg" />
	<meta property="og:image:width" content="1920" />
	<meta property="og:image:height" content="1080" />
	<meta property="og:image:type" content="image/jpeg" />
<meta name="twitter:card" content="summary_large_image" />
<meta name="twitter:label1" content="Est. reading time" />
	<meta name="twitter:data1" content="1 minute" />
<script type="application/ld+json" class="yoast-schema-graph">{"@context":"https://schema.org","@graph":[{"@type":"WebPage","@id":"https://www.placeforstrays.de/en/our-proteges/goethe/","url":"https://www.placeforstrays.de/en/our-proteges/goethe/","name":"Goethe sucht ein liebevolles Zuhause - PLACE for STRAYS Albufeira","isPartOf":{"@id":"https://www.placeforstrays.de/en/#website"},"datePublished":"2026-04-21T17:46:09+00:00","dateModified":"2026-04-21T17:46:09+00:00","breadcrumb":{"@id":"https://www.placeforstrays.de/en/our-proteges/goethe/#breadcrumb"},"inLanguage":"en-US","potentialAction":[{"@type":"ReadAction","target":["https://www.placeforstrays.de/en/our-proteges/goethe/"]}]},{"@type":"BreadcrumbList","@id":"https://www.placeforstrays.de/en/our-proteges/goethe/#breadcrumb","itemListElement":[{"@type":"ListItem","position":1,"name":"Startseite","item":"https://www.placeforstrays.de/en/"},{"@type":"ListItem","position":2,"name":"Projects","item":"https://www.placeforstrays.de/en/our-proteges/"},{"@type":"ListItem","position":3,"name":"Goethe"}]},{"@type":"WebSite","@id":"https://www.placeforstrays.de/en/#website","url":"https://www.placeforstrays.de/en/","name":"PLACE for STRAYS Albufeira","description":"Tierschutz","publisher":{"@id":"https://www.placeforstrays.de/en/#organization"},"potentialAction":[{"@type":"SearchAction","target":{"@type":"EntryPoint","urlTemplate":"https://www.placeforstrays.de/en/?s={search_term_string}"},"query-input":"required name=search_term_string"}],"inLanguage":"en-US"},{"@type":"Organization","@id":"https://www.placeforstrays.de/en/#organization","name":"PLACE for STRAYS","url":"https://www.placeforstrays.de/en/","logo":{"@type":"ImageObject","inLanguage":"en-US","@id":"https://www.placeforstrays.de/en/#/schema/logo/image/","url":"https://www.placeforstrays.de/wp-content/uploads/2019/07/Logo-mit-Hintergrund-Kopie.jpg","contentUrl":"https://www.placeforstrays.de/wp-content/uploads/2019/07/Logo-mit-Hintergrund-Kopie.jpg","width":277,"height":291,"caption":"PLACE for STRAYS"},"image":{"@id":"https://www.placeforstrays.de/en/#/schema/logo/image/"},"sameAs":["https://www.instagram.com/placeforstraysalbufeira/","https://www.facebook.com/groups/1963615917246890/"]}]}</script>
<!-- / Yoast SEO plugin. -->

Geschichte Goethe kam gemeinsam mit seinen beiden Brüdern aus dem staatlichen Tierheim zu uns. Er ist von all den neuen Eindrücken verständlicherweise noch ein wenig überfordert. Der Umzug war für ihn sehr aufregend, und Menschen begegnet er aktuell noch mit Vorsicht. Charakter Goethe ist gerade erst bei uns eingezogen. Wir werden euch hier weiterhin auf dem...
